t is g(d)?
-2
Suppose 0 = 2*i - 9 - 3. Let f(y) = 3 + 0*y - i*y + y. Give f(3).
-12
Let h = -33 - -33. Let a(g) = g + 5. Give a(h).
5
Let t = 5 - 8. Let x be 10/(-4) + t/(-6). Let m(a) = -2*a**2 + a - 3. Let z(h) = 2*h**2 - 2*h + 3. Let j(k) = 6*m(k) + 5*z(k). Determine j(x).
-3
Let n = 259 + -261. Let m(o) = 5*o**2 - 4*o + 1. Let t = -10 - -7. Let b(x) = 9*x**2 - 7*x + 1. Let g(l) = t*b(l) + 5*m(l). Determine g(n).
-8
Let j(n) = -n**3 - 7*n**2 - 6*n - 7. Let o be -2 - (0 + 1) - 3. Give j(o).
-7
Let c(f) be the third derivative of f**7/2520 - f**6/240 - f**5/30 + f**4/4 - 3*f**2. Let n(p) be the second derivative of c(p). Let x = 11 + -7. Give n(x).
0
Let r(x) = 5*x**2 + x + 5. Let v(b) = -5*b**2 - 4. Let q(m) = -2*r(m) - 3*v(m). Calculate q(2).
18
Suppose 0 = 4*j + 2 - 6. Let l = j - -3. Let q(k) = -4*k + 3. Let d(v) = 3*v - 2. Let h(s) = -6*d(s) - 5*q(s). What is h(l)?
5
Let v(l) = 9*l - 3. Let b be v(2). Let x = b - 10. Let o(a) = -a + a + x*a. Calculate o(1).
5
Let u(x) = x**3 + 4*x**2 - x + 3. Suppose 0 = 3*s - 0*s - 12. Suppose 3*i - i = 8, 3*i = -s*g - 20. Let y = 4 + g. Determine u(y).
7
Let q(g) be the first derivative of g**6/120 - g**5/60 + g**4/24 - g**3 - g**2/2 - 6. Let l(v) be the second derivative of q(v). Give l(0).
-6
Let o(n) be the second derivative of -n**4/24 + n**3/6 - 3*n**2/2 + 4*n. Let j(v) be the first derivative of o(v). Determine j(-2).
3
Suppose 9*m - 110 = -83. Let t(h) be the first derivative of 3*h**2 + 2*h + 1/4*h**4 + 2*h**m - 4. Determine t(-4).
10
Let l be (-10)/4 - 2/4. Let a(u) be the second derivative of u**5/20 + u**4/6 - u**3/2 - 2*u**2 - 14*u. Determine a(l).
-4
Let n(o) = 92 - 94 + 0*o + 2*o - o. Determine n(8).
6
Let v(r) be the first derivative of -r**4/12 - r**3/2 + 3*r**2/2 - 4*r + 3. Let l(j) be the first derivative of v(j). Suppose 0*u - 6 = -3*u. Calculate l(u).
-7
Let v(q) = q**3 - 3*q**2 + 3. Let y(i) = 2*i**3 - 4*i**2 + 4. Let x(u) = -3*v(u) + 2*y(u). Let l be (40/15 + -2)*(-9)/6. Give x(l).
-1
Let n(g) be the first derivative of -g**4/4 + 2*g**3 - 3*g**2 + 3*g + 5. Calculate n(5).
-2
Let d(a) = -a - 8. Suppose -44 = 5*o - f, -f - 2 + 38 = -4*o. Calculate d(o).
0
Suppose 2*f - f + 5 = 0. Let l = f - -8. Let h(m) = 2*m**2 - m**2 + m + 2*m**2 - m**l - 2. Give h(3).
1
Suppose -4*s - 2 = 6. Let f be 3 - (s - 0/1). Let w(z) be the second derivative of -z**5/20 + z**4/3 + z**3/2 + 5*z**2/2 - 2*z. Determine w(f).
-5
Let d(y) = y**2 + y + 6. Let v be d(0). Let i(h) = -2*h - 10. Let u(w) = -3*w - 11. Let l(n) = -4*i(n) + 3*u(n). Determine l(v).
1
Let q(t) be the second derivative of t**5/20 - t**4/2 + 5*t**3/6 + 3*t**2 - 12*t. Give q(5).
6
Let n(u) = u**3 - u**2 - 2*u + 2. Let r be n(2). Let y(p) be the first derivative of -p**3/3 + 3*p**2 - 3*p - 1. Determine y(r).
5
Let q(a) be the third derivative of 0 + 0*a**3 + 1/60*a**5 + 0*a - a**2 - 1/24*a**4. Suppose 0 = 5*i - 4*m - 3 + 8, 1 = -i - m. Give q(i).
2
Let x(b) = b - 5*b - 2 + 8. Give x(4).
-10
Let z(s) be the second derivative of -s**3/6 - 5*s**2/2 - 9*s + 4. Give z(-5).
0
Let a(b) = -b**2 + 6*b - 1. Let d be (-11)/(-2) + -2*(-2)/8. What is a(d)?
-1
Let p(y) = y + 2. Let x(h) = -h**2 + 2*h - 8. Let o(n) = -2*p(n) - x(n). What is o(4)?
4
Suppose -21 + 15 = 2*o. Let i(f) be the third derivative of 0 + 0*f - 1/24*f**4 - 7/6*f**3 - f**2. Calculate i(o).
-4
Let a(h) = -h**3 - 6*h**2 + 8*h + 7. Suppose 2*l + 4*w + 15 - 1 = 0, -4*l - 28 = w. Give a(l).
0
Let m(r) be the second derivative of r**3/3 + r**2/2 - 22*r. Calculate m(-1).
-1
Suppose j - 3*f - 8 = -0*j, -3*f = j + 10. Let d(g) = g**2 - g**3 - 5 + 4 + g**3 - g**3. Calculate d(j).
1
Let f(s) = 2*s**2 - s. Let n(u) = u**2 - 1. Let v(j) = 2*f(j) - 3*n(j). Give v(2).
3
Suppose -2*b = 2, 6 + 10 = 5*f - b. Let m(j) be the second derivative of 2*j + 3/2*j**2 + 1/4*j**4 + 0 + 2/3*j**f. Give m(-2).
7
Let t(w) = -2*w - 27. Let d be t(-16). Let s be 3/(-9) + (-4)/6. Let p(i) = -i**2 - i + 1. Let q(o) = -4*o**2 + 3*o + 1. Let m(g) = s*q(g) + 3*p(g). Give m(d).
-3
Suppose z + 13 = 3*s, -2*s = -3*z - 0*z + 3. Suppose -5*g + s + 4 = 0. Let w(n) = -3*n - g*n**2 - n**3 + 4*n**2 + n**2. Determine w(2).
-2
Suppose -9*z = -7*z + 4. Let l(v) = 2*v - 4 - 3*v + 0. What is l(z)?
-2
Let t(p) = p**2 - 8*p + 7. Let c(w) = -w + 23. Let o be c(17). Calculate t(o).
-5
Let m(f) = -2*f + 1. Suppose 5*u - 8 = 27. Suppose -2*i - u = -3. Calculate m(i).
5
Let g(k) be the third derivative of -k**4/4 - k**3/6 + 2*k**2 + 6. Suppose -8 = 7*w - 3*w. Determine g(w).
11
Suppose 5*i + 2*w = 131, w = -5*i + 223 - 90. Suppose 4*k - i + 7 = 0. Let x = k - 1. Let a(z) = z**2 - 7*z + 4. Calculate a(x).
-8
Let l(j) be the third derivative of -j**6/30 + j**5/20 - j**4/6 + j**3/3 - j**2 - 3. Give l(2).
-26
Let y(c) = -2*c**3 - c**2 + 3*c + 3. Let k be (6/7)/((-1)/(-7)). Let h be k*(-2)/14*7. Let g = -8 - h. Calculate y(g).
9
Suppose -5*m = -3*m + 4*k - 26, 2*k - 25 = -5*m. Let r(d) be the second derivative of 0*d**2 - 1/6*d**m - 3*d + 0. Determine r(5).
-5
Let t(x) = -x**2 + 3*x - 6. Let n be (9/(-6))/(0 + (-6)/20). Determine t(n).
-16
Let f(j) = j + 2. Let q be 2/8 + (-87)/12. Let o be f(q). Let i(u) be the third derivative of u**4/24 + u**3/6 - 7*u**2. Calculate i(o).
-4
Let n(r) be the second derivative of r**5/20 + r**4/6 - r**3/2 - r**2 - r. Let b = 8 + -6. Suppose -b*m = 3*i + 9, i + i = 3*m - 6. Give n(i).
-2
Let q(r) = -3*r - 15. Let d(n) = -n - 4. Let h(y) = -15*d(y) + 4*q(y). Let m be ((-28)/35)/(4/10). Calculate h(m).
-6
Let r(q) = 0*q - 4 - 5*q**2 - 2*q - 2*q + 4*q**2. What is r(-4)?
-4
Let t be (-18)/12 + (-1)/(-2). Let f(a) = -12*a. Calculate f(t).
12
Let r(y) = -y**3 + 7*y**2 + 7*y + 11. Let c be r(8). Let v(n) = -2*n - n + 14*n**3 + 5*n**2 + 3 - 15*n**c. Calculate v(5).
-12
Let g(l) = -l**2 + 9*l - 6. Suppose 3*u = 18 + 9. Let i be g(u). Let h(k) = -k**2 - 8*k - 4. What is h(i)?
8
Let g(w) be the third derivative of w**6/120 + w**5/15 - w**4/12 - w**3/6 - w**2. Suppose -128*b + 4 = -129*b. Calculate g(b).
7
Let g(o) = -4*o**2 + 7*o - 6. Let v(y) = -3*y**2 + 6*y - 5. Let w(j) = 4*g(j) - 5*v(j). Let k be (-3)/(4/((-32)/(-6))). Let f be (1 - -1)/(k/6). Determine w(f).
-2
Let a(i) be the second derivative of 11*i**3/6 - 8*i. Determine a(1).
11
Let k(d) be the third derivative of -d**4/24 + 2*d**3/3 + 5*d**2. Determine k(0).
4
Let x be (0*2/(-2))/3. Let n(c) = 83 + 5*c**2 + 6*c + x*c - 80 - c**3. Determine n(6).
3
Let d(h) = 17*h**3 - h - 1. Let z = 98 - 99. Give d(z).
-17
Let l(o) = -18*o**2 + 10 + 5*o**2 + 5*o**2 - 3*o + o**3. Give l(8).
-14
Let l(u) = -2*u + 7. Let p(k) = 3*k - 4. Let j be 1 + 0 + -2 + -13. Let g be (-38)/j - (-2)/7. Let v be p(g). Calculate l(v).
-3
Suppose -7 = 2*r + 7. Let p(v) = v + 4. Let h be p(r). Let w(m) = -m + 2*m + 5*m + 3 - 5*m. Calculate w(h).
0
Let b(u) = 7*u - 8. Let p(k) = -10*k + 12. Let m(f) = -7*b(f) - 5*p(f). Determine m(3).
-1
Let b be -1 - 3*(-2)/3. Let w(r) = 9*r**2 + r. Determine w(b).
10
Let a(u) = u**2 - 4*u - 2. Suppose 3*n - g - 12 = 0, g + 1 - 4 = 0. Calculate a(n).
3
Let p(m) be the second derivative of -m**5/20 - m**4/3 + 7*m**3/6 - m**2 - 2*m. Give p(-5).
-12
Suppose -1 = c - 2. Suppose 15 = -2*r + 4*r - 3*f, -r - 3 = 2*f. Let v(n) = -1 + 6*n**3 + r + 0 - 3. Determine v(c).
5
Suppose 14 = -v - 4*b, 2*b = -4 - 0. Let x = v + 2. Let c(l) = -19*l - 3 + 4 + 16*l. Calculate c(x).
13
Let r(b) = 55 - b**2 + 10*b + 54 - 114. Give r(9).
4
Let c(u) = -u**3 + 26*u**2 - 48*u + 5. Let i be c(24). Let j(z) be the third derivative of -z**6/120 + z**5/12 + 2*z**3/3 + z**2. What is j(i)?
4
Let o(f) = -7*f + 5. Let m(t) = 4*t - 2. Let l(x) = -5*m(x) - 3*o(x). What is l(8)?
3
Let d(t) = 5*t**3 - 5*t + 6. Let q(y) = 14*y**3 - 14*y + 17. Let p(k) = 17*d(k) - 6*q(k). Calculate p(0).
0
Let z(u) = -u**3 + 6*u**2 - 5*u + 2. Let j be z(5). Let i(x) = x**2 - 3*x + 7. Let m(v) = v**2 - 3*v + 6. Let a(d) = -4*i(d) + 5*m(d). What is a(j)?
0
Let m(y) = -y**3 - 4*y**2 + 7*y + 7. Let o be m(-5). Let q(g) = -14 - 22 - g + 0*g + 32. Determine q(o).
-1
Suppose -3*z = -r - 9, 0*r + 12 = -2*r + 3*z. Let y = r - -7. Let w(c) = 0*c - y + 2*c + 3. Calculate w(2).
3
Suppose -39 - 56 = -19*f. Let x(z) be the first derivative of -1 + 2*z**2 - 4*z - 2*z**3 + 1/4*z**4. Calculate x(f).
-9
Let k(v) = v + 7. Let u(b) = -b - 5